Let w be 1 + -1 + (5 - 3). What is the greatest common divisor of w and 8?
2
Let i(l) = -l - 2. Let n be i(-14). What is the highest common divisor of n and 48?
12
Let t = -23 + 38. Calculate the greatest common factor of 6 and t.
3
Suppose 0 = 3*g + b - 8, -5*g + b + 3*b = -2. Suppose 4*s + j = 501, 5*j + 393 = 5*s - g*s. Let c = -86 + s. What is the greatest common divisor of 16 and c?
8
Let g(k) = 15*k**2. Let z(r) = r**3 - 5*r**2 + 3*r + 2. Let q be z(4). Let m be g(q). What is the highest common factor of m and 12?
12
Let w = 6 - 2. Suppose -2*i = -4*s - 2, -4*i - 9 = -2*s - 5*i. Suppose b = -5*v + 85, 0 = -s*v - 6*b + b + 57. Calculate the highest common divisor of v and w.
4
Let g be (-1*(-87 - 3))/(-1 - -2). Let i = -11 - -26. Calculate the highest common factor of g and i.
15
Suppose -3*q - 19 = -5*f, -4*f + 34 = 2*q + 10. Suppose -q*h + 5*h = -r + 431, -2*r = 2*h - 286. What is the highest common factor of h and 16?
16
Let l(j) = -j**3 - j**2 - 4*j - 4. Let r be l(-3). Suppose -2*k + r = -22. Calculate the highest common factor of 12 and k.
12
Let y(t) = t**3 - 7*t**2 - 13*t + 8. Let m be y(10). Suppose -j = 3*u - 336, -2*u + j + 46 = -m. Calculate the highest common factor of u and 14.
14
Let f(b) = -b - 4*b**2 - 13 + 5*b + b**3 + 11. Let c be f(3). Let v be 3*(0 - -2) - c. Calculate the highest common factor of 2 and v.
1
Suppose 5*r + 45 = -5*y, 2*y - 9 = 1. Let i = r + 27. Let c be (-4 - -2) + 106 + 0. Calculate the greatest common factor of c and i.
13
Let y be ((-1)/(-2))/(3/180). Suppose r - 26 = 4*v, -5*r + 33 = -2*r - 3*v. Calculate the greatest common divisor of y and r.
6
Let z = 23 - 11. Calculate the highest common divisor of 12 and z.
12
Let n be 39/26*-26*(0 + -1). Calculate the highest common factor of 78 and n.
39
Let m = 5 - 1. Let s be ((-2)/m - -1)*-2. Let n be -3 - (3 - 12) - s. Calculate the highest common divisor of 35 and n.
7
Let c(x) = -2*x**3 - 2. Let j be c(-2). Suppose -42 = -5*y + 3*y. Calculate the greatest common factor of y and j.
7
Suppose -4 = -2*k + 2*o, 17 = 2*k + 3*k + 2*o. Let j be (-2)/(-4) + (-20)/(-8). Suppose -24 = -q - j*q. What is the greatest common divisor of k and q?
3
Suppose -5*c = -14 - 11. Let i be -2 + 1 + (-3)/(-1). Calculate the highest common factor of i and c.
1
Suppose -8*q + 56 = -6*q. Calculate the highest common divisor of 4 and q.
4
Let i be -1 + (0/(-3))/4. Let c(p) = -18*p**3 - p**2 + p + 1. Let b be c(i). What is the greatest common divisor of b and 34?
17
Suppose m - 186 = 4*m. Let l = m + 128. Calculate the highest common divisor of l and 6.
6
Let f be 32*(-2)/(-8)*18. What is the highest common factor of f and 16?
16
Let c(n) = 2*n**2 + 7*n - 2. Suppose -5*k - 27 = 2*z - 4, 4*k + 18 = -2*z. Let o be c(k). What is the highest common factor of o and 52?
13
Let s(x) = x**2 + 5*x - 19. Let d be s(-13). What is the highest common divisor of 17 and d?
17
Let o = 53 - 33. What is the greatest common factor of 60 and o?
20
Let m = -25 - -33. What is the greatest common factor of m and 16?
8
Let d = 119 - 32. What is the highest common divisor of d and 58?
29
Let u be (30/(-9))/5*144. Let l = 184 + u. What is the highest common factor of 11 and l?
11
Let x be 26/(-4)*16/(-8). Calculate the highest common divisor of 143 and x.
13
Let d be (2/6)/(4/24). Let m = 4 - d. Calculate the highest common factor of 16 and m.
2
Suppose 0 = -5*d, 2*s = d - 4*d + 40. Let o = 8 + -11. Let h be 1 + o/((-3)/49). Calculate the greatest common factor of h and s.
10
Let m = 19 - 18. What is the highest common factor of m and 2?
1
Suppose 4*x - 4 = -0*x + 4*s, 0 = -5*x + 3*s + 9. Suppose 0 = 5*t - x*t - 12. What is the greatest common divisor of 48 and t?
6
Let g(q) = q**2 - 3*q + 2. Let j be g(3). Suppose 0 = -j*p - 0*p + 54. Suppose 0 = 4*y - 29 - 7. Calculate the highest common factor of y and p.
9
Let m be (0 + 3 + 2)*(-546)/(-30). Calculate the greatest common factor of m and 26.
13
Suppose 3*p = -3*u + 51, -p + 17 = 5*u - 68. What is the greatest common factor of u and 17?
17
Let w(j) = 5*j**2 + 3*j - 5*j + 5*j + j**3 + j. Let l be w(-3). Calculate the greatest common divisor of l and 6.
6
Let z = -6 + 14. Let m = z - -60. What is the highest common divisor of 17 and m?
17
Let o(b) = -b**3 - 7*b**2 - 9*b - 2. Let d be o(-6). Let c = 146 - 130. What is the highest common factor of d and c?
16
Suppose -9 = -3*q + 21. Calculate the greatest common factor of 10 and q.
10
Let m be ((-12)/15)/((-2)/240). Suppose 3*q - 4*f = 32, q + 0*q - 4*f - 8 = 0. Calculate the highest common divisor of q and m.
12
Suppose o + 11 = -0*q - 5*q, -3*o = 2*q - 6. Let k be 339/o - 2/(-8). What is the highest common factor of k and 17?
17
Let u(i) = i**2 - 2*i. Suppose 3*f + 3 = -3*c, -c - c + 16 = -f. Let v be u(f). Calculate the greatest common divisor of v and 12.
12
Suppose 3*i + 3*q + 43 = 376, 4*i - 438 = 2*q. Let l = 133 + -89. What is the greatest common divisor of l and i?
22
Let j(f) = f**2 + 4*f - 2. Let w be j(-5). Let a(z) = 2*z**3 - 3*z**2 - 3*z. Let n be a(w). Calculate the highest common divisor of n and 2.
2
Let j be 3/((-620)/(-304) - 2). Calculate the highest common factor of j and 19.
19
Let s = 37 - 29. Calculate the highest common divisor of s and 8.
8
Let j be 3/(-27) + 276/54. Calculate the greatest common factor of 55 and j.
5
Let v(s) = -s**3 - 6*s**2 + 6*s + 4. Let i be v(-8). What is the highest common factor of 12 and i?
12
Let z(l) = -l**2 - 2*l + 2. Let d(v) = -2*v**2 - 5*v + 4. Let t(m) = 4*d(m) - 9*z(m). Let c be t(4). Calculate the highest common factor of 42 and c.
6
Let l be 74/8 + (-3)/12. Suppose 4*h - 185 + l = 0. Calculate the highest common divisor of 11 and h.
11
Let b be ((-4)/(-8))/((-2)/(-12)). Let s = 55 - 49. Calculate the highest common factor of s and b.
3
Suppose -3*i = 46 - 130. Let o be 2/(-7) - (-64)/i. Suppose 3*g - o*g - 13 = 0. What is the highest common divisor of 52 and g?
13
Suppose -c + 5 = -2*a, 2*c + 3*a - 7 - 24 = 0. What is the highest common factor of 121 and c?
11
Let l(y) = -y**2. Let t be l(0). Let o be 6/(t + 4/36). Calculate the highest common divisor of 18 and o.
18
Let j be 1 + -1 - (1 - 3). Suppose j*y = -19 + 75. Suppose -4*t + y = -2*t. Calculate the greatest common factor of 7 and t.
7
Let z(j) = -j + 10. Let n be z(8). Suppose -3*b + 78 = 4*r + n, r - 54 = -2*b. What is the greatest common divisor of b and 7?
7
Suppose 3*w - 2*x = 8, 3*x = 4*w - x - 12. Suppose -2*c + 47 = w*t - c, 5*t = 5*c + 155. Calculate the greatest common divisor of t and 26.
26
Suppose 2*r + 46 - 8 = 0. Let i = r + 74. Suppose w + 5*m = 37, -2*m = -3*w + 2*w + 16. Calculate the highest common divisor of i and w.
11
Let y be (-1)/(-3*3/99). Let c be 2/(-6) + (-597)/(-9). Suppose -6*i + 4*i + c = 0. Calculate the highest common divisor of i and y.
11
Let b = 91 + 9. Let g be b/4 - 0/(-2). What is the greatest common divisor of 5 and g?
5
Let l = 34 - 19. Let d = 19 - l. What is the greatest common factor of 16 and d?
4
Let v = -100 + 140. What is the highest common factor of v and 15?
5
Let c = -79 - -134. What is the highest common divisor of c and 22?
11
Let d = 13 + -9. Let r = 79 + -38. Suppose -r = -y + 2*f, -98 = -y - y - d*f. Calculate the highest common divisor of y and 30.
15
Suppose -2*m + 16 + 4 = 0. What is the greatest common factor of m and 6?
2
Let s(b) = b**3 - 5*b**2 + 5*b - 3. Let u be s(4). Let c(g) = 18*g**2 + 1. Let z be c(u). What is the greatest common divisor of 209 and z?
19
Suppose 0 = -3*h + 5*h - 2. Calculate the greatest common divisor of h and 7.
1
Let o = -12 + 47. Suppose 3*h = -4*g + 50, -g = 2*h + h - o. Let p(z) = 16*z**2 + 3*z. Let w be p(2). What is the greatest common factor of h and w?
10
Let s = 17 - 12. Let w = -2 + s. Calculate the highest common factor of 24 and w.
3
Let t(k) = 4*k**2 + k - 2. Let f be t(-2). Let q be 32/(-6)*180/(-16). What is the highest common factor of f and q?
12
Suppose c + 4 = 0, -4*t - 4*c = c - 20. Calculate the greatest common factor of 4 and t.
2
Let z = 55 + -37. What is the highest common divisor of 2 and z?
2
Suppose 0 = 3*o + 2 - 8. Let x be 0 - ((o - 1) + -45). Calculate the greatest common divisor of 22 and x.
22
Suppose -s + 91 - 6 = 0. Let u = s - 49. Let r be 72/6*1/3. What is the grea